 a = 0. List the prime factors of x.
2
Let u(t) = t**2 - 3*t + 3. Let b be u(2). Let x(j) = 59*j**3 + j**2 - j + 1. List the prime factors of x(b).
2, 3, 5
What are the prime factors of (-10 - -2)*-120 + -114 + 112?
2, 479
Suppose 4*i = -5*d + 1988 + 3305, -5*d - 5283 = -4*i. List the prime factors of i.
2, 661
Let b(n) = 2*n**2 - 13*n - 4. Let k be b(9). Suppose -3*y - k + 461 = 0. List the prime factors of y.
2, 5, 7
Let r be 3/21 + 5295/(-21). Let x be 4/10 - r/45. Suppose 0 = 3*b - x*b + 99. List the prime factors of b.
3, 11
Suppose 0 = -4*c + 4*l - 8, c + 4*l + 30 = 8. List the prime factors of (-896)/c - (80/15 - 6).
2, 3, 5
Let y(i) = 19*i - 5*i - 23*i + 8*i**2 - 12. What are the prime factors of y(5)?
11, 13
Let u(n) be the first derivative of n**4/4 + n**3 - 11*n**2/2 + 3*n + 12. Let z be u(-5). List the prime factors of 2/z*2*62.
31
Suppose -4*g + 17 = -23. Let f = g - 22. Let i = f - -18. What are the prime factors of i?
2, 3
Suppose 0 = -5*m - 3*n + 10, 5*n + 3 = 3*m - 3. Suppose -3*o + 90 - 15 = m*s, -4*s + 4*o = -140. List the prime factors of s.
2, 3
Let v(b) = -b**3 + 8*b**2 + b + 3. Let l(h) = h**2 + 7*h - 11. Let a be l(-9). Let y be v(a). Let n = y - 22. What are the prime factors of n?
37
Suppose 0 = -4*n - 17 - 31. Let g be -4 + 4 + 7 + -15. Let j = g - n. List the prime factors of j.
2
Suppose 0 = 2*b + 4*y - 354, 3*b - 5*y - 545 = -4*y. What are the prime factors of b?
181
Suppose 2*x = b - 4, -2*x - 3*x = 5*b - 50. Let l(a) = a**2 - 1. Let m(f) = f**3 - 10*f + 1. Let k(d) = -6*l(d) + m(d). List the prime factors of k(b).
5, 11
Let o = -118 + 65. Let u = o - -81. Suppose 6*c - u = 2*c. What are the prime factors of c?
7
Suppose -d + 3 = -0. Let g be ((-44)/(-6))/((-2)/d). Let l = 2 - g. What are the prime factors of l?
13
Suppose -13681 - 2455 = -4*f - 4*j, 2*f + 4*j = 8078. What are the prime factors of f?
3, 17, 79
Let i(d) = -3*d + 1. Let k be (-3)/2*(-4)/(-6). Let a be i(k). Let z = a - 0. List the prime factors of z.
2
What are the prime factors of (24 - 25) + 589/1 + 4?
2, 37
Let u be 36/(-14)*(3500/(-21) - 6). List the prime factors of 9/(-21) + u/7.
3, 7
Let n(x) = 4*x - 12. Let w be n(9). Suppose h + w = 58. List the prime factors of h.
2, 17
Let t(l) = l + 11. Let d be t(-6). Suppose -5*s + 445 = d*m, 3*s - 267 = -3*m + 4*s. List the prime factors of m.
89
Suppose -3*g + 6 = -g + 2*u, -2*g = -2*u - 2. Suppose -5*r = g*z - 102, 0*z = -z - 3*r + 51. List the prime factors of z.
3, 17
Suppose 2*a = -3*y - 44, 4*a + 45 = -3*y + a. Let d = 23 + y. Suppose -3*c + d = -9. What are the prime factors of c?
2, 3
Let o(y) = 4*y**2 + 4*y - 10. Let d be o(3). Let x = d - 13. What are the prime factors of x?
5
Let n(t) = t**2 - 7*t + 8. Suppose 0 = f - 8 + 2. Let q be n(f). Suppose 4 = 2*z, -2*z + 78 = q*u + 3*z. What are the prime factors of u?
2, 17
Suppose y = -2*d + 704 - 182, 5*y + 5*d = 2600. List the prime factors of y.
2, 7, 37
Let k be 1*-3 - (2 + -196). Suppose -4*j + k = 2*n + 57, j = 2*n - 124. List the prime factors of n.
3, 7
Let l(p) = 2*p**2 - 51*p - 38. List the prime factors of l(40).
2, 3, 11, 17
Let r(z) = -44*z - 3. Suppose 11 = w - 2*h + 6*h, 5*w + 4*h = 7. What are the prime factors of r(w)?
41
Let c(r) = r**3 - 9*r**2 - 8*r - 2. Let j be c(10). Suppose 3*k + j = 147. What are the prime factors of k?
43
Suppose -5*n = -2*u - 21, 0 = 4*u - 4*n - n + 17. What are the prime factors of -1 - -142 - (7 - (u - -3))?
139
Let x(l) = -l**3 - 7*l**2 - 2*l - 10. Let m = -1 + -6. Let r be x(m). Suppose -5*o + 51 + 70 = -r*a, 0 = -3*a - 12. What are the prime factors of o?
3, 7
Let r = -8 - -13. Let s(j) = -10*j + 6*j - 21 + 15 + j**3 - 3*j**2. List the prime factors of s(r).
2, 3
Let r = 14 + 0. Suppose 5*c - 3*c - 16 = 0. Suppose -m - c + r = 0. List the prime factors of m.
2, 3
Suppose -22476 = -12*j - 7284. What are the prime factors of j?
2, 3, 211
Let m(v) = 3*v - 1. Let t be m(7). Let n = t - 22. List the prime factors of (1 - n) + (1 - -6).
2, 5
Let j be (-1)/(-5) + 6/60*-2. Suppose j*d + 3*d = 3, -319 = -2*r + d. List the prime factors of r.
2, 5
Let v be ((-78)/(-9))/((-8)/(-12)). Suppose -19*u + 24 = -v*u. Suppose r = -u*d + 311, d + r - 54 = -4*r. What are the prime factors of d?
79
Suppose 5*j - 12537 = -4*o, 10017 = 22*j - 18*j - o. List the prime factors of j.
3, 5, 167
Let w(a) = 0*a + 7 + 17*a**2 + 3*a - 6 - 5*a**2. What are the prime factors of w(-2)?
43
Suppose 0 = z + 5*h - 704, -2*z + 71 = -3*h - 1285. List the prime factors of z.
2, 3, 19
Let y(f) = 5*f**3 - 2*f**2 + 1. Let l be y(1). Suppose 0 = -3*u - 2*j + 64, -l*j = j - 10. List the prime factors of u.
2, 5
Let c be ((-12)/10)/(14/(-35)). Suppose -n + 10 = n + f, -c*n + 4*f = -15. List the prime factors of n.
5
Let w(b) = 317*b + 21. What are the prime factors of w(6)?
3, 641
Suppose -6*w + 31552 = 8704. What are the prime factors of w?
2, 7, 17
Let y = -9 + -3. Let u be (y/15)/((-2)/5). Suppose 0 = u*i + 3*i - 50. What are the prime factors of i?
2, 5
Let g be (-74)/14 - 2/(-7). Suppose -7 - 17 = 6*f. What are the prime factors of (f/g)/((-6)/(-165))?
2, 11
Let r(a) = -4*a - 98. Suppose -5*y + 4*m = 170, y + 170 = -4*y + 3*m. What are the prime factors of r(y)?
2, 19
Let h(a) = 302*a + 11. What are the prime factors of h(3)?
7, 131
Suppose -1199 = -23*z + 2642. List the prime factors of z.
167
Let y(q) be the first derivative of -q**4/12 + q**3 + 6*q**2 + 3*q - 10. Let a(k) be the first derivative of y(k). What are the prime factors of a(6)?
2, 3
Let g(k) = 2*k**2 + 17*k + 5. Let d be g(-10). List the prime factors of -3 + 1*d*2.
67
Let q(h) = 2*h**3 - 46*h**2 - 8*h + 33. List the prime factors of q(24).
3, 331
Suppose -4*s = -62 - 258. Suppose 0 = 4*u + 20, -5*y = -4*u - s. What are the prime factors of 3/y - 1144/(-32)?
2, 3
Suppose t - 2*y - 12 = 0, -t = 4*t + 5*y + 15. Suppose 0 = t*k - 335 + 95. Suppose -4*a = 4*s - k, 6*a - 2*a - 5*s = 84. List the prime factors of a.
2, 13
Suppose 5*q - 390 = -3*g + 200, 3*g - 15 = 0. Let v = q + -25. Suppose -20 = 2*i - v. What are the prime factors of i?
5, 7
Let l(c) be the first derivative of -c**3/3 - 11*c**2/2 + 14*c + 5. What are the prime factors of l(-6)?
2, 11
Let v be -2 - -5 - 16/2. Let n be 4 + v + 2 + -1. Suppose n = -3*b + 55 + 116. What are the prime factors of b?
3, 19
List the prime factors of ((-30)/(-5))/(-1) - -2284.
2, 17, 67
Let o = 1796 - 929. List the prime factors of o.
3, 17
Suppose -9*w + 70 = -7*w. Let i be (-10)/(-7) - (-20)/w. Suppose 5*g + i*m + 0*m - 300 = 0, -g + m = -67. What are the prime factors of g?
2, 31
Suppose b - 1 - 5 = 0. Suppose -5*s + h + 127 = 0, 0 = -b*s + 3*s - 2*h + 84. Suppose 5*j = -s + 156. What are the prime factors of j?
2, 13
Let g = 8472 + -4791. What are the prime factors of g?
3, 409
Let h = -118 + 59. Let z = h + 34. List the prime factors of 3*(-2)/2 - z.
2, 11
Let x = -36 + 116. List the prime factors of x.
2, 5
Suppose 5*o - 8 = 3*o. Suppose 44 + 72 = o*g. Suppose 27*m - g*m + 10 = 0. List the prime factors of m.
5
Let u be 5/(-2)*(-64)/80. Suppose -3*q + 46 + u = 0. What are the prime factors of q?
2
Let q = -580 - -1019. Let h = -305 + q. List the prime factors of h.
2, 67
Let o(g) = -32*g + 847. What are the prime factors of o(0)?
7, 11
Suppose 346 = -x - 2*a + 1401, x + 4*a = 1065. What are the prime factors of x?
5, 11, 19
Suppose -3*u + 423 = -k - 0*k, -u = 3*k - 131. Let i = u - 27. What are the prime factors of i?
113
Let h(q) = q**3 + 12*q**2 + 20*q - 7. What are the prime factors of h(-6)?
89
Let s be (-1)/(-5) + 38/10. Let p(w) = -13 + 1 + w**2 + s - 3*w. List the prime factors of p(5).
2
Let t = 10 + 18. Suppose 0 = 3*p - 5*x - 9 - t, 2*p - 32 = -4*x. What are the prime factors of p?
2, 7
Let a = 39 + -26. Suppose 7*r = 3*r - 48. Let q = a - r. What are the prime factors of q?
5
Let t be (-28)/(-2) - -2*1. Suppose 0 = -4*g - 20, -2*o = -0*o - 2*g - t. Suppose 0 = o*i + 29 - 95. List the prime factors of i.
2, 11
Let x = -230 - -446. Suppose -3*c + x = c. List the prime factors of c.
2, 3
Suppose 0 = 5*v - o + 5, -v + 3*v + 9 = -o. Let a be v/3 - 43/3. Let z = 26 + a. List the prime factors of z.
11
Let r be (-2)/(-2) + (-2 - -6). Suppose l = -d - 186, -r*l + 282 = -3*d - 260. List the prime factors of -4 + (-1)/(4/d).
